at are the prime factors of 177663?
3, 59221
What are the prime factors of 774?
2, 3, 43
List the prime factors of 1486.
2, 743
List the prime factors of 875.
5, 7
What are the prime factors of 2251?
2251
List the prime factors of 23297.
23297
What are the prime factors of 49313?
11, 4483
What are the prime factors of 21919?
23, 953
What are the prime factors of 583?
11, 53
What are the prime factors of 559?
13, 43
What are the prime factors of 8285?
5, 1657
List the prime factors of 9134.
2, 4567
What are the prime factors of 1677?
3, 13, 43
List the prime factors of 35886.
2, 3, 5981
List the prime factors of 12760.
2, 5, 11, 29
What are the prime factors of 790?
2, 5, 79
List the prime factors of 31669.
11, 2879
What are the prime factors of 1390?
2, 5, 139
What are the prime factors of 10687?
10687
What are the prime factors of 1293?
3, 431
What are the prime factors of 1092?
2, 3, 7, 13
List the prime factors of 43979.
13, 17, 199
What are the prime factors of 3877?
3877
What are the prime factors of 634?
2, 317
List the prime factors of 70772.
2, 13, 1361
List the prime factors of 443.
443
What are the prime factors of 76744?
2, 53, 181
What are the prime factors of 172233?
3, 6379
What are the prime factors of 2133?
3, 79
List the prime factors of 5051.
5051
What are the prime factors of 2139?
3, 23, 31
What are the prime factors of 1102?
2, 19, 29
List the prime factors of 104099.
41, 2539
List the prime factors of 18299.
29, 631
What are the prime factors of 1016?
2, 127
List the prime factors of 1207.
17, 71
What are the prime factors of 752?
2, 47
What are the prime factors of 38416?
2, 7
What are the prime factors of 2953?
2953
List the prime factors of 560.
2, 5, 7
List the prime factors of 1022.
2, 7, 73
What are the prime factors of 545?
5, 109
What are the prime factors of 2356?
2, 19, 31
List the prime factors of 10380.
2, 3, 5, 173
List the prime factors of 4049.
4049
List the prime factors of 1343.
17, 79
List the prime factors of 30136.
2, 3767
What are the prime factors of 8141?
7, 1163
What are the prime factors of 432?
2, 3
List the prime factors of 1279.
1279
What are the prime factors of 6745?
5, 19, 71
List the prime factors of 12123.
3, 449
List the prime factors of 65873.
19, 3467
What are the prime factors of 4337?
4337
What are the prime factors of 32252?
2, 11, 733
What are the prime factors of 5044?
2, 13, 97
List the prime factors of 39787.
11, 3617
List the prime factors of 12639.
3, 11, 383
What are the prime factors of 10749?
3, 3583
What are the prime factors of 3586?
2, 11, 163
List the prime factors of 33203.
33203
What are the prime factors of 1496?
2, 11, 17
What are the prime factors of 3941?
7, 563
List the prime factors of 6439.
47, 137
What are the prime factors of 2282?
2, 7, 163
What are the prime factors of 1730?
2, 5, 173
What are the prime factors of 700?
2, 5, 7
List the prime factors of 5758.
2, 2879
What are the prime factors of 51298?
2, 13, 1973
What are the prime factors of 3998?
2, 1999
What are the prime factors of 61868?
2, 15467
What are the prime factors of 9443?
7, 19, 71
List the prime factors of 2212.
2, 7, 79
What are the prime factors of 12030?
2, 3, 5, 401
What are the prime factors of 4052?
2, 1013
List the prime factors of 1057.
7, 151
List the prime factors of 1495.
5, 13, 23
What are the prime factors of 832?
2, 13
List the prime factors of 284.
2, 71
What are the prime factors of 2326?
2, 1163
What are the prime factors of 17492?
2, 4373
List the prime factors of 2337.
3, 19, 41
What are the prime factors of 7480?
2, 5, 11, 17
List the prime factors of 791.
7, 113
What are the prime factors of 3492?
2, 3, 97
List the prime factors of 5757.
3, 19, 101
What are the prime factors of 3656?
2, 457
List the prime factors of 14902.
2, 7451
List the prime factors of 80957.
73, 1109
List the prime factors of 6679.
6679
List the prime factors of 668.
2, 167
What are the prime factors of 55920?
2, 3, 5, 233
What are the prime factors of 56626?
2, 23, 1231
List the prime factors of 100320.
2, 3, 5, 11, 19
What are the prime factors of 2024?
2, 11, 23
List the prime factors of 46493.
19, 2447
What are the prime factors of 1013?
1013
List the prime factors of 1703.
13, 131
What are the prime factors of 1694?
2, 7, 11
What are the prime factors of 3635?
5, 727
What are the prime factors of 93731?
11, 8521
List the prime factors of 3240.
2, 3, 5
What are the prime factors of 50373?
3, 29, 193
What are the prime factors of 312?
2, 3, 13
What are the prime factors of 13770?
2, 3, 5, 17
List the prime factors of 39353.
23, 29, 59
List the prime factors of 2072.
2, 7, 37
What are the prime factors of 1344?
2, 3, 7
List the prime factors of 503.
503
What are the prime factors of 68117?
7, 37, 263
What are the prime factors of 6611?
11, 601
List the prime factors of 1526.
2, 7, 109
List the prime factors of 919.
919
What are the prime factors of 7366?
2, 29, 127
What are the prime factors of 1138?
2, 569
List the prime factors of 1260.
2, 3, 5, 7
List the prime factors of 5206.
2, 19, 137
What are the prime factors of 12043?
12043
What are the prime factors of 37629?
3, 37, 113
What are the prime factors of 758?
2, 379
What are the prime factors of 38457?
3, 4273
What are the prime factors of 46996?
2, 31, 379
List the prime factors of 1027.
13, 79
What are the prime factors of 100140?
2, 3, 5, 1669
What are the prime factors of 1230?
2, 3, 5, 41
What are the prime factors of 8770?
2, 5, 877
List the prime factors of 39546.
2, 3, 13
What are the prime factors of 8910?
2, 3, 5, 11
List the prime factors of 576.
2, 3
List the prime factors of 475.
5, 19
List the prime factors of 2155.
5, 431
List the prime factors of 29899.
29, 1031
List the prime factors of 143493.
3, 7, 6833
What are the prime factors of 1452?
2, 3, 11
List the prime factors of 3277.
29, 113
List the prime factors of 88345.
5, 17669
What are the prime factors of 46161?
3, 23, 223
List the prime factors of 427.
7, 61
What are the prime factors of 58444?
2, 19, 769
List the prime factors of 459.
3, 17
List the prime factors of 14962.
2, 7481
What are the prime factors of 2554?
2, 1277
What are the prime factors of 11849?
17, 41
What are the prime factors of 603?
3, 67
List the prime factors of 14739.
3, 17
List the prime factors of 12048.
2, 3, 251
What are the prime factors of 349?
349
What are the prime factors of 3489?
3, 1163
List the prime factors of 792.
2, 3, 11
What are the prime factors of 35812?
2, 7, 1279
List the prime factors of 15597.
3, 1733
What are the prime factors of 359?
359
What are the prime factors of 15387?
3, 23, 223
What are the prime factors of 1871?
1871
List the prime factors of 313.
313
List the prime factors of 5427.
3, 67
What are the prime factors of 2949?
3, 983
List the prime factors of 1650.
2, 3, 5, 11
List the prime factors of 3997.
7, 571
List the prime factors of 1908.
2, 3, 53
List the prime factors of 377.
13, 29
List the prime factors of 4618.
2, 2309
What are the prime factors of 32281?
19, 1699
List the prime factors of 229.
229
What are the prime factors of 9755?
5, 1951
List the prime factors of 50055.
3, 5, 47, 71
What are the prime factors of 9245?
5, 43
List the prime factors of 50451.
3, 67, 251
What are the prime factors of 3980?
2, 5, 199
What are the prime factors of 49628?
2, 19, 653
List the prime factors of 1544.
2, 193
List the prime factors of 12181.
13, 937
What are the prime factors of 3743?
19, 197
What are the prime factors of 995?
5, 199
What are the prime factors of 73910?
2, 5, 19, 389
What are the prime factors of 2393?
2393
List the prime factors of 118529.
118529
What are the prime factors of 5405?
5, 23, 47
List the prime factors of 10901.
11, 991
List the prime factors of 68484.
2, 3, 13, 439
List the prime factors of 22300.
2, 5, 223
What are the prime factors of 545?
5, 109
What are the prime factors of 15337?
7, 313
List the prime factors of 6145.
5, 1229
List the prime factors of 117150.
2, 3, 5, 11, 71
What are the prime factors of 2040?
2, 3, 5, 17
What are the prime factors of 1522?
2, 761
List the prime factors of 2249.
13, 173
What are the prime factors of 3512?
2, 439
What are the prime factors of 567?
3, 7
What are the prime factors of 49728?
2